at is a(z)?
-8
Let a(g) = 7*g + 67. Let z be a(-9). Let c(k) = -k**2 + 7*k - 6. Calculate c(z).
6
Let m(w) be the first derivative of -w**2 + w + 14. Suppose 3*a = -a - 3*o + 1, -4*o - 36 = -4*a. Calculate m(a).
-7
Let o(z) be the third derivative of 1/60*z**5 - 1/3*z**4 + 2*z + 29*z**2 + 7/6*z**3 + 0. Determine o(6).
-5
Suppose -6*w - 7*w = -156. Let u be (w/(-10))/((-8)/20) - 3. Let p(m) = -m**3 + m**2 - m - 23. Give p(u).
-23
Let a(j) = -3 - 4*j**2 + 3*j**2 - 7*j + 2 + 0. Let l(h) = h + 11. Let x be l(-9). Suppose 3*d - p = -11, -x*p + 6 + 1 = -d. Determine a(d).
11
Let t = 18 + -16. Suppose n + 1 + 13 = -t*d, -2*n - 35 = 5*d. Let h(q) = -q**3 - 6*q**2 + 7*q - 1. Give h(d).
-1
Let h(s) be the first derivative of s**4/4 + s**3 - 3*s**2/2 - 4*s - 1. Let q = -291 + 288. Give h(q).
5
Suppose -k + 3 = 3*n, 4*n - 2*k - 13 - 1 = 0. Suppose -n*u = 14 + 10. Let z = 8 + u. Let l(j) = -j**3 - 4*j**2 - 4*j - 3. Determine l(z).
13
Let k(v) be the second derivative of v**3/6 + 5*v**2/2 + 2*v + 140. Calculate k(3).
8
Let w(a) = a + 25. Let k(j) = -j - 23. Let v(c) = -7*k(c) - 6*w(c). Give v(-11).
0
Let t be 8/(-10) - (-1560)/200. Let m(y) = -y**3 + 8*y**2 - 9*y + 7. What is m(t)?
-7
Let l = 19 - 13. Let n = -1 + l. Let t(u) = 3 + u**2 - u + 7 - 1 - n*u. Calculate t(6).
9
Let x(u) = 13*u**2 - 177*u - 6*u**2 + 0*u**3 + u**3 - 2*u**3 + 2 + 172*u. Calculate x(6).
8
Let r(d) = 2*d**2 - 9*d - 1. Suppose 3*m = 4*m + 1. Let s(z) = 3*z**2 - z. Let h be s(m). Let v be r(h). Let g(y) = y**2 + 4*y - 4. What is g(v)?
1
Let o(f) = 2*f + 1. Let k be o(-2). Let l = k - -1. Let a(x) = 2*x**2 + x - 1. Let r be a(l). Let z(d) = d**3 - 4*d**2 - 3*d - 5. Determine z(r).
5
Let g(q) = -q + 0*q - q. Let x(m) = m**3 + 21*m**2 + 19*m. Let s be x(-20). Suppose -16*h + 20 = -s*h. Give g(h).
10
Let x(y) be the second derivative of -y**5/20 + 2*y**4/3 + 3*y**3/2 + y**2/2 + 10189*y. Let d = 16 - 7. What is x(d)?
1
Let o(p) = 1 + p**2 + 5*p - 1. Let v = -2 - -2. Suppose 4*q + 20 = -v*q. Determine o(q).
0
Let r(c) = c**2 - 4*c - 10. Let p be ((-24)/(-15))/(8/40). Calculate r(p).
22
Suppose 12*q - 24 = 4*q. Let a(v) be the second derivative of -v**3/3 + 15*v. Calculate a(q).
-6
Suppose -7*o = -47 + 12. Let i(u) = 2 + 4*u - 10*u + o*u. Determine i(3).
-1
Let j(c) = -4*c - 1. Let d(u) = 8*u - 1. Let a be d(1). Suppose -5*n + a = -3. Suppose -3*p - n*g - 1 = 0, -2*p - p = -g + 13. Determine j(p).
11
Let a(o) = -2*o**3 + o**2 - 1. Let r = -271 + 269. Determine a(r).
19
Let j(d) be the second derivative of 0 - 41*d - 5*d**2 + 5/6*d**4 - 1/20*d**5 + 1/6*d**3. Determine j(10).
0
Let m(u) = -16*u + 2. Let n = 300 + -302. What is m(n)?
34
Let t(j) = -4*j - 37. Let s(k) = -3*k - 25. Suppose -107*m + 109*m + 10 = 0. Let z(g) = m*t(g) + 7*s(g). What is z(8)?
2
Let s(a) = 2*a**2 + 14*a + 15. Suppose 0 = 79*u - 67*u + 72. What is s(u)?
3
Let u(r) = -13*r - 21. Let a be u(-3). Suppose -15*s - a = -12*s. Let k(p) = -p**3 - 7*p**2 - 6*p - 7. Calculate k(s).
-7
Let d(p) be the first derivative of p**4/4 + p**3/3 + p**2/2 + 20*p + 135. Give d(0).
20
Let x(l) = l**3 + l**2 - l - 1. Let a(i) = 3*i**3 - 3*i**2 + i - 5. Let z(g) = a(g) - 2*x(g). Suppose 8 - 28 = -4*y. Give z(y).
12
Let g(l) be the first derivative of 2 + 2*l**2 - 1/24*l**4 - 5/6*l**3 + 0*l. Let o(v) be the second derivative of g(v). What is o(0)?
-5
Let b(j) = j**2 - 8*j + 7. Let x be 0 - (-1 + 5)/4. Let v be -5 + (x - 12/(-3)). Let g(p) = -2*p**2 + 9*p - 8. Let n(t) = v*g(t) - 3*b(t). What is n(-5)?
-10
Let u(o) = 10*o**2 - 11 - 7*o**2 - 10*o**2 - 5*o. Let i(z) = 3*z**2 + 3*z + 6. Let r(t) = -5*i(t) - 2*u(t). Calculate r(-6).
-14
Let o = -887 + 880. Let h(b) = -4*b + 14. Calculate h(o).
42
Suppose 16 = 2*x + 5*j, -3 - 2 = x - 4*j. Let u be 7 - x/3*1. Let y(i) = -i + 8. Let b be y(u). Let c(g) = g - 2. Give c(b).
0
Let h(n) = 3*n + 6. Let f(i) = -3*i - 3 - 5 - 2*i - 1. Let o(c) = -5*f(c) - 8*h(c). Suppose -q - 8 = -3*q. Determine o(q).
1
Let s(u) = 4*u**2 + 11*u + 4. Let j(g) = 5*g**2 + 11*g + 3. Let i(m) = 3*j(m) - 4*s(m). Determine i(-11).
-7
Let y = 18 + -11. Let q(k) be the first derivative of -2*k**2 + 10*k + 42. Calculate q(y).
-18
Suppose 49*u - 48*u + 10 = 0. Let w(t) = t**3 + 11*t**2 + 9*t - 6. Determine w(u).
4
Let d(n) = -10*n - 2*n**2 + 11*n + 5*n**2. Let h be 108/21 + 1/(-7). Let g = h - 6. Calculate d(g).
2
Let j(z) = 39 + z**3 - 7*z + 14*z + 7*z**2 - 34. What is j(-5)?
20
Let s = -4 - 4. Let u(r) = 13*r**2 - 3*r**2 + 11 + 5*r - 9*r**2 + 7*r. Give u(s).
-21
Suppose -v = 2*k + 10, 22*v - 17*v + k = -5. Let i(w) = 2*w**3 + w + 2. Calculate i(v).
2
Let f(l) = -3*l**3 - 2*l**2 + 1. Let u be f(1). Let q(b) = -b + 1. Let t be -1*(1/3)/((-5)/(-15)). Let v(x) = x - 6. Let m(p) = t*v(p) - 2*q(p). Determine m(u).
0
Let g(z) be the first derivative of z**2/2 - z - 116. Let c(r) = 18 + r - 9 - 3*r. Let k be c(7). Determine g(k).
-6
Let g(i) = i**3 - 10*i**2 - 12*i + 3. Let j be (296/(-16) + 13)*-2. Calculate g(j).
-8
Let v(t) = 9*t**2 + 6*t - 3. Let n(y) = -3*y**2 - 2*y + 1. Let x(u) = -8*n(u) - 3*v(u). Let l = -390 + 391. Calculate x(l).
-4
Let r = -3 + 2. Let z = -4 - r. Let u(q) = -444*q + 1 - 1 - 1 + 443*q. What is u(z)?
2
Let r be (1 + 0)/((-9)/(-36)). Suppose -r*s - 24 = -6*u + u, 4*s - 32 = -2*u. Let b(z) = 2*z - z**2 + 1 - u*z - 3 + 0*z. Calculate b(-4).
6
Suppose -5*w = -3*j + 39, -5*j - 3 = -2*w - 10*j. Let t(i) = 2*i - 8. Give t(w).
-20
Suppose 6*o - o = 30. Suppose d - 1 - o = 0. Let k(i) = -i + 1. Determine k(d).
-6
Let n be 10/(-35) + (-232)/(-28). Let z(f) = -2*f + 10. What is z(n)?
-6
Suppose 34 + 2 = -12*j. Let q(r) = r**2 - 3. Calculate q(j).
6
Let i(b) = b - 4. Suppose -7*c + 22 + 6 = 0. What is i(c)?
0
Let q(x) = -3*x - 4. Let g(l) = -11*l**3 - 3*l**2 - 6*l - 3. Let b be g(-2). Let t = b - 88. Give q(t).
5
Let f(x) be the third derivative of x**9/60480 + x**8/6720 - x**7/1680 - x**6/144 - 7*x**5/20 + 36*x**2. Let t(p) be the third derivative of f(p). Give t(-4).
-9
Let d(z) = z**3 + 0*z**2 + 18 - 15 + 3*z**2. Calculate d(-2).
7
Let o(l) = l**2 + 15*l + 39. Let c be o(-11). Let b(s) = 2*s + 7. What is b(c)?
-3
Suppose -5*c = 5*k - 55, -2*k - 18 = -5*c - 5. Suppose 0*j - k = j. Let g(l) = l**3 + 5*l**2 - 7*l - 5. What is g(j)?
1
Let l(g) = -2*g**2 + 6*g - 4. Let p be l(2). Let j be (15/(-5) - p)*-1. Let t(m) = 4*m**2 - 4*m. Determine t(j).
24
Let w(o) = o**3 - 5*o**2 - 7*o + 1. Let u(r) = 2*r**2 - 18*r + 3. Let g be u(9). Let p(n) = -n**2 + 3*n + 6. Let y be p(g). Calculate w(y).
-5
Let z(t) be the third derivative of -t**6/120 + t**5/20 + t**4/4 - t**3 - 1677*t**2. Suppose 3*o + 7 - 44 = 5*b, -5*o + b = -25. Determine z(o).
2
Let a(o) = -3*o**2 - 63*o + 13. Let k(m) = m**2 + 22*m - 4. Let i(p) = -4*a(p) - 11*k(p). Calculate i(-10).
-8
Let t be (-1)/(-2) + (-5)/(-2). Let j(f) = 3*f + 8*f + t*f - 5*f + 1. Give j(-1).
-8
Let j(p) = -23*p**2 + 3*p - 8. Let v(k) = -54*k**2 + 7*k - 17. Let c(h) = -7*j(h) + 3*v(h). Determine c(-8).
-59
Let k(n) = -n**2 + 6*n - 2. Let s(d) = d**3 + 7*d**2 + 7*d + 1. Let h be s(-2). Let u(q) = q**3 - 6*q**2 - 4*q - 15. Let v be u(h). What is k(v)?
-2
Let h(i) = 5*i + 11. Let c(k) = 9*k**2 + k - 16. Let x be c(-5). Let f be 1/(-3) + x/18. Let s(w) = -w - 2. Let o(j) = f*s(j) + 2*h(j). Calculate o(-3).
3
Let j(t) = 3*t**2 - 13*t + 6. Let n be j(5). Suppose -4*m = n, -2*z - 2*z = -5*m - 32. Let i(p) = p + 5*p**2 - 2*p**3 + 2 + z*p**3 - 7*p. What is i(-6)?
2
Let d(f) = 3*f + 1. Suppose 0 = 6*x - 3*x. Suppose x*k + 10 = 5*k. Suppose u - k = -3. What is d(u)?
-2
Let p = -2 - -2. Let b(j) be the second derivative of -j**3/6 - 4*j**2 - 468*j + 1. What is b(p)?
-8
Let k(h) be the first derivative of -h**3/3 - 5*h**2/2 + 2*h + 68. Let c be (-38 + 35)/((-3)/8*-2). What is k(c)?
6
Suppose -10*w + 62 = 21*w. Let q(s) = -3*s**2 - s + 2. Give q(w).
-12
Suppose 60 = 11*c - c. Let r be ((-108)/81)/(2/c). Let x(d) = -d**3 - 3*d**2 - 3. Determine x(r).
13
Let d(g) = -g**2 + 8*g - 2. Let x(z) = -z - 19. Let f be x(13). Let j = f + 39. Calculate d(j).
5
Suppose -368*p + 36 = -362*p. Let b(i) = 3 - 3*i - 1 + 4 - i. Determine b(p).
-18
Let m(p) = -p**2 - 8*p - 9. Let k = 35 + -61. Let c = 19 + k. Give m(c).
-2
Let c = 8 + -11. Let h(g) = 9*g + 3. Let u(n) = 15*n + 3 + 16*n - 44*n + 24*n. Let i(m) = 5*h(m) - 4*u(m). D